e 8) in base 7?
-1321106
-8257a (base 11) to base 6
-2325442
What is aa1a31 (base 11) in base 2?
110101101100100000111
-1b81b04 (base 12) to base 6
-330143204
What is 868645 (base 9) in base 4?
1332133211
What is -25547 (base 11) in base 4?
-20323301
Convert 75123370 (base 8) to base 3.
1010011120212101
What is 23322102111 (base 4) in base 6?
150531113
Convert -202220332 (base 5) to base 10.
-820092
Convert -11130022111 (base 4) to base 8.
-5341225
Convert 30213210111 (base 4) to base 10.
3307797
What is -224136342 (base 7) in base 2?
-110100001010010000111001
What is 2421440023 (base 5) in base 9?
11570062
What is -151116 (base 7) in base 15?
-89cc
103130424 (base 5) to base 16
6c0f6
1885041 (base 10) to base 7
22010514
What is -11000000000110011 (base 2) in base 8?
-300063
What is 21021200 (base 3) in base 8?
12276
Convert -178549 (base 11) to base 6.
-5520232
Convert ea28 (base 16) to base 4.
32220220
Convert -26a207 (base 12) to base 10.
-639655
Convert 1097928 (base 10) to base 13.
2c5980
What is -178033 (base 9) in base 7?
-641100
Convert 185598 (base 11) to base 16.
45b6a
-771516 (base 11) to base 10
-1231797
Convert 158760 (base 9) to base 7.
556416
What is 2311301220 (base 4) in base 3?
1101211100000
-11240441240 (base 5) to base 7
-214014346
What is 165248 (base 12) in base 7?
3151244
76351 (base 10) to base 9
125654
-2540025 (base 7) to base 3
-121201020120
-17355047 (base 8) to base 14
-77734b
154328 (base 9) to base 8
271477
Convert 565a77 (base 12) to base 10.
1378747
-1b7d06 (base 16) to base 3
-10101112011102
Convert 23422131 (base 5) to base 16.
3504e
What is -9688746 (base 10) in base 5?
-4440014441
23663416 (base 8) to base 4
103312130032
10011210122 (base 3) to base 8
172125
What is 256c556 (base 14) in base 12?
6048000
-40796 (base 11) to base 9
-100568
2221100020 (base 4) to base 11
433943
What is 3120313032 (base 5) in base 8?
30364402
-24eece (base 16) to base 6
-123513410
Convert -3e8c86 (base 16) to base 4.
-33220302012
What is -24b756 (base 13) in base 3?
-1122211012222
662016 (base 8) to base 13
7a1c0
Convert -5310 (base 11) to base 7.
-26331
Convert -32220233 (base 4) to base 11.
-41051
-1042031 (base 6) to base 4
-30301003
What is 5106706 (base 10) in base 16?
4dec12
What is -1330212422 (base 5) in base 9?
-6301110
What is -134313321 (base 5) in base 6?
-22543145
What is 6398b7 (base 14) in base 4?
30312122221
Convert -2320445 (base 6) to base 5.
-12310110
2100023031 (base 4) to base 10
590541
What is -1303233111 (base 4) in base 2?
-1110011101111010101
Convert 52a54 (base 15) to base 5.
31342304
1297c (base 13) to base 12
18017
259958 (base 10) to base 15
52058
What is -30011525 (base 6) in base 9?
-1522308
What is 25166417 (base 8) in base 6?
315143103
What is 10220024 (base 5) in base 13?
2cc98
What is -146764 (base 12) in base 7?
-2626444
Convert 211331124 (base 5) to base 8.
3303216
Convert -311133112 (base 4) to base 10.
-219094
Convert -100a41 (base 16) to base 6.
-34310401
-2dc135 (base 14) to base 10
-1608227
What is -1000010001101011 (base 2) in base 8?
-102153
What is 4405365 (base 7) in base 15?
a9dc3
What is 14892 (base 11) in base 3?
1001212001
Convert -10111001101000011 (base 2) to base 10.
-95043
Convert -415887 (base 10) to base 8.
-1454217
Convert 438879 (base 10) to base 4.
1223021133
Convert 478155 (base 11) to base 6.
24123012
Convert -31133101 (base 4) to base 14.
-161c5
Convert 6107587 (base 9) to base 13.
89ba26
Convert 5503657 (base 8) to base 4.
11220132233
What is -200212110201112 (base 3) in base 8?
-46201622
What is e9c913 (base 15) in base 6?
1034313030
What is 61216044 (base 7) in base 10?
5097012
-1513344 (base 8) to base 16
-696e4
-6a7a77 (base 11) to base 3
-2010001220201
Convert -33001220331 (base 4) to base 7.
-45323415
-31011021102 (base 4) to base 15
-47aeb6
Convert 14055410 (base 7) to base 8.
4772636
Convert cb3a8a (base 14) to base 5.
3230334103
213610 (base 9) to base 12
61839
Convert 322012 (base 6) to base 12.
13308
Convert 2131144 (base 7) to base 9.
435251
What is 113406160 (base 7) in base 4?
122233211230
What is 2478e (base 15) in base 12?
5748b
Convert -3b8c02 (base 13) to base 15.
-1d8e06
What is -11010110010100010101 (base 2) in base 12?
-364019
-3baa7 (base 12) to base 10
-82783
Convert -51600032 (base 7) to base 2.
-10000100010101001100101
What is -43514d (base 15) in base 13?
-883687
11174a9 (base 11) to base 2
111011101110100110101
141125 (base 13) to base 10
487934
Convert 1604541 (base 9) to base 12.
36a631
-310440331 (base 5) to base 12
-510143
c1b245 (base 14) to base 10
6522941
Convert 257878 (base 9) to base 8.
462065
1000111010100111 (base 2) to base 4
20322213
Convert -295367 (base 14) to base 16.
-15e88f
Convert 1008191 (base 10) to base 2.
11110110001000111111
What is 152403 (base 6) in base 16?
39f3
Convert 223076 (base 13) to base 3.
1111222011112
What is 9a56671 (base 11) in base 10?
17636554
132304431 (base 6) to base 12
a72117
-c7ddc1 (base 15) to base 11
-54089a0
10045312 (base 6) to base 11
186128
Convert -112020210121101 (base 3) to base 8.
-34711007
1112034204 (base 5) to base 15
337889
Convert 20665 (base 15) to base 2.
11001000100100111
Convert 238fdc (base 16) to base 5.
1044034323
Convert 170021 (base 14) to base 16.
c4f6d
-603146 (base 7) to base 15
-2031e
731634 (base 9) to base 4
1222001200
-115132145 (base 6) to base 9
-4130612
What is 3124033 (base 7) in base 2?
1011011110010010000
Convert 6624b (base 13) to base 7.
1400132
Convert -35531 (base 15) to base 5.
-20414141
ba8e8 (base 15) to base 10
592643
-188690 (base 10) to base 4
-232010102
Convert -230702 (base 8) to base 4.
-103013002
105304503 (base 6) to base 12
795133
-5907 (base 15) to base 3
-221221021
-503232 (base 12) to base 11
-783994
Convert -53439 (base 16) to base 5.
-41403144
Convert -3b305 (base 12) to base 16.
-13ef5
Convert 406421 (base 8) to base 7.
1066613
What is -136581 (base 9) in base 5?
-10133314
-408588 (base 9) to base 6
-5110425
-10100101011011110 (base 2) to base 15
-1a16c
Convert -4212655 (base 10) to base 3.
-21221000200021
What is 1111111110011100000111 (base 2) in base 11?
2400492
What is 46e7e1 (base 16) in base 11?
26942a8
Convert 1432a7a (base 13) to base 12.
2189b21
Convert 42281 (base 9) to base 8.
66441
Convert 102220230 (base 4) to base 2.
10010101000101100
515514 (base 15) to base 12
1364ba7
What is -110605353 (base 7) in base 13?
-150372c
What is -26626 (base 16) in base 2?
-100110011000100110
What is -30805 (base 14) in base 6?
-2300501
221120203 (base 5) to base 14
1acd69
What is -29ea7d (base 15) in base 9?
-3724351
-12a184 (base 14) to base 16
-9cd68
-512680 (base 9) to base 7
-2403531
What is 160128 (base 9) in base 4?
120003122
Convert -30000011 (base 4) to base 9.
-74378
What is 1101111101000000001011 (base 2) in base 15?
4c3b94
Convert -9e1b75 (base 15) to base 6.
-425445245
Convert 62e1a (base 16) to base 11.
257329
What is -1424224 (base 6) in base 10?
-81304
Convert -1437 (base 13) to base 10.
-2919
What is -21102200021 (base 3) in base 4?
-203231311
19472 (base 10) to base 13
8b2b
What is 2416556 (base 7) in base 16?
4b047
Convert 120245233 (base 6) to base 7.
25135665
Convert 77379 (base 10) to base 3.
10221010220
What is 302ad (base 15) in base 14?
3d800
Convert 4679 (base 10) to base 11.
3574
-773b49 (base 15) to base 4
-111223113231
-622655 (base 7) to base 3
-12102022112
86c67a (base 15) to base 16
61f8eb
What is 2224052 (base 9) in base 7?
13113662
Convert -19147 (base 11) to base 12.
-13608
Convert 1775002 (base 9) to base 16.
f2c36
What is 11885880 (base 9) in base 2?
10110010010101011000111
What is -20220011120110 (base 3) in base 6?
-210312403
What is -2001010222 (base 4) in base 8?
-2010452
-2334003 (base 6) to base 12
-5a303
Convert 30103002 (base 4) to base 2.
1100010011000010
What is 13011120302 (base 4) in base 14?
364ac2
Convert -24d7e9 (base 16) to base 13.
-667051
Convert d638 (base 16) to base 9.
83203
-147982 (base 13) to base 3
-221112100201
Convert -24950 (base 14) to base 9.
-145862
-8b2784 (base 12) to base 4
-20132303110
What is a2d36d (base 16) in base 10?
10670957
What is -826f4 (base 16) in base 12?
-219218
2064b4d (base 14) to base 5
12404142034
What is -203020201 (base 4) in base 3?
-21022101211